{"id":1366,"date":"2025-08-16T09:30:43","date_gmt":"2025-08-16T07:30:43","guid":{"rendered":"https:\/\/terrecynara.it\/?post_type=product&#038;p=1366"},"modified":"2025-08-16T09:30:43","modified_gmt":"2025-08-16T07:30:43","slug":"aurora-chardonnay","status":"publish","type":"product","link":"https:\/\/terrecynara.it\/?product=aurora-chardonnay","title":{"rendered":"Aurora &#8211; Chardonnay"},"content":{"rendered":"<p>Frutto di uno tra i vitigni autoctoni siciliani pi\u00f9 riconosciuti ed apprezzati, prodotto nelle colline delle tenute di Bosco Falconeria, Aurora racchiude in s\u00e9 tutte le caratteristiche di questo straordinario vitigno ed esprime una forte territorialit\u00e0, comunicata in maniera semplice ed immediata fin dal primo sorso.<\/p>\n<p>E\u2019 lasciato a maturare esclusivamente in acciaio, dove affina per 3 mesi circa sulle fecce nobili, per riposare poi in bottiglia per 2-3 mesi.<\/p>\n<p>Al calice giallo paglierino brillante con sfumature verdognole, fresco e fruttato al naso, con sentori di pompelmo ed agrumi freschi, note di mandorla ed erbe mediterranee.<\/p>\n<p>&nbsp;<\/p>\n<div class=\"grid-details-item\">\n<div class=\"grid-details-item-label\">Tipo di vino<\/div>\n<div class=\"grid-details-item-value text-justify\">Vino bianco<\/div>\n<\/div>\n<div class=\"grid-details-item\">\n<div class=\"grid-details-item-label\">Variet\u00e0 di uva<\/div>\n<div class=\"grid-details-item-value text-justify\">Grillo<\/div>\n<\/div>\n<div class=\"grid-details-item\">\n<div class=\"grid-details-item-label\">Colore dell&#8217;uva<\/div>\n<div class=\"grid-details-item-value text-justify\">Bianco<\/div>\n<\/div>\n<div class=\"grid-details-item\">\n<div class=\"grid-details-item-label\">Indicazione geografica<\/div>\n<div class=\"grid-details-item-value text-justify\">Sicilia DOC<\/div>\n<\/div>\n<div class=\"grid-details-item\">\n<div class=\"grid-details-item-label\">Regione<\/div>\n<div class=\"grid-details-item-value text-justify\">Sicilia<\/div>\n<\/div>\n<div class=\"grid-details-item\">\n<div class=\"grid-details-item-label\">Premi<\/div>\n<div class=\"grid-details-item-value text-justify\">Decanter , Gambero Rosso , Luca Maroni<\/div>\n<\/div>\n<div class=\"grid-details-item\">\n<div class=\"grid-details-item-label\">Nazione<\/div>\n<div class=\"grid-details-item-value text-justify\">Italia<\/div>\n<\/div>\n<div class=\"grid-details-item\">\n<div class=\"grid-details-item-label\">Residuo zuccherino<\/div>\n<div class=\"grid-details-item-value text-justify\">Secco \/ Dry<\/div>\n<\/div>\n<div class=\"grid-details-item\">\n<div class=\"grid-details-item-label\">Qualit\u00e0<\/div>\n<div class=\"grid-details-item-value text-justify\">DOC<\/div>\n<\/div>\n<div class=\"grid-details-item\">\n<div class=\"grid-details-item-label\">Annata<\/div>\n<div class=\"grid-details-item-value text-justify\">2024<\/div>\n<\/div>\n<div class=\"grid-details-item\">\n<div class=\"grid-details-item-label\">Contenuto di alcol<\/div>\n<div class=\"grid-details-item-value text-justify\">12 %<\/div>\n<\/div>\n<div class=\"grid-details-item\">\n<div class=\"grid-details-item-label\">Formato<\/div>\n<div class=\"grid-details-item-value text-justify\">0,75 L<\/div>\n<\/div>\n","protected":false},"excerpt":{"rendered":"<p>Aurora racchiude in s\u00e9 tutte le caratteristiche di questo straordinario vitigno ed esprime una forte territorialit\u00e0, comunicata in maniera semplice ed immediata fin dal primo sorso.<\/p>\n","protected":false},"featured_media":1355,"comment_status":"open","ping_status":"closed","template":"","meta":[],"product_brand":[38],"product_cat":[40,35],"product_tag":[62,39,51],"class_list":{"0":"post-1366","1":"product","2":"type-product","3":"status-publish","4":"has-post-thumbnail","6":"product_brand-terrecynara","7":"product_cat-tutti-i-prodotti","8":"product_cat-vini","9":"product_tag-chardonnay","10":"product_tag-terrecynara","11":"product_tag-vino","13":"first","14":"instock","15":"sale","16":"taxable","17":"shipping-taxable","18":"purchasable","19":"product-type-simple"},"_links":{"self":[{"href":"https:\/\/terrecynara.it\/index.php?rest_route=\/wp\/v2\/product\/1366","targetHints":{"allow":["GET"]}}],"collection":[{"href":"https:\/\/terrecynara.it\/index.php?rest_route=\/wp\/v2\/product"}],"about":[{"href":"https:\/\/terrecynara.it\/index.php?rest_route=\/wp\/v2\/types\/product"}],"replies":[{"embeddable":true,"href":"https:\/\/terrecynara.it\/index.php?rest_route=%2Fwp%2Fv2%2Fcomments&post=1366"}],"wp:featuredmedia":[{"embeddable":true,"href":"https:\/\/terrecynara.it\/index.php?rest_route=\/wp\/v2\/media\/1355"}],"wp:attachment":[{"href":"https:\/\/terrecynara.it\/index.php?rest_route=%2Fwp%2Fv2%2Fmedia&parent=1366"}],"wp:term":[{"taxonomy":"product_brand","embeddable":true,"href":"https:\/\/terrecynara.it\/index.php?rest_route=%2Fwp%2Fv2%2Fproduct_brand&post=1366"},{"taxonomy":"product_cat","embeddable":true,"href":"https:\/\/terrecynara.it\/index.php?rest_route=%2Fwp%2Fv2%2Fproduct_cat&post=1366"},{"taxonomy":"product_tag","embeddable":true,"href":"https:\/\/terrecynara.it\/index.php?rest_route=%2Fwp%2Fv2%2Fproduct_tag&post=1366"}],"curies":[{"name":"wp","href":"https:\/\/api.w.org\/{rel}","templated":true}]}}